er?
False
Is 280543801 composite?
True
Is 960871757 composite?
True
Is 5883713029 a prime number?
True
Is 677193229 composite?
True
Is 4926543353 a composite number?
False
Is 39084420047 a composite number?
True
Is 10167915661 prime?
True
Is 3830333873 a prime number?
True
Is 499798483 prime?
True
Is 23271992153 prime?
True
Is 3955940143 composite?
False
Is 17235162247 composite?
True
Is 93126690443 prime?
False
Is 679565807 a prime number?
True
Is 10754517479 prime?
True
Is 1311370919 a prime number?
True
Is 272858074 prime?
False
Is 13839709046 composite?
True
Is 330134641 a composite number?
True
Is 492012659 a prime number?
True
Is 883450291 a composite number?
False
Is 920476301 a prime number?
True
Is 99599862311 composite?
True
Is 700062197 a composite number?
False
Is 23727355213 prime?
True
Is 329320795 a prime number?
False
Is 15186366731 composite?
False
Is 15687945679 prime?
False
Is 397355309 a composite number?
True
Is 5764601291 prime?
False
Is 4931341865 a composite number?
True
Is 613547159 composite?
True
Is 459585107 composite?
True
Is 20020428829 prime?
False
Is 77490739 composite?
False
Is 50230231187 a prime number?
False
Is 6127576003 a prime number?
False
Is 12547718951 a composite number?
True
Is 4041278281 prime?
False
Is 6662424217 composite?
False
Is 30381341 a composite number?
False
Is 104151338059 prime?
False
Is 11215342279 a composite number?
True
Is 164200319 a composite number?
False
Is 33961966 prime?
False
Is 7805176787 composite?
False
Is 566422777 a prime number?
True
Is 14534252501 a composite number?
False
Is 685341607 composite?
False
Is 1613261609 prime?
True
Is 22044882733 a prime number?
False
Is 104557764169 composite?
True
Is 351208571 a composite number?
True
Is 1347329479 prime?
False
Is 543820937 prime?
False
Is 1988370487 prime?
False
Is 1449915223 a prime number?
False
Is 13147956707 composite?
False
Is 1067113553 prime?
False
Is 8279618101 a composite number?
True
Is 2247424357 a composite number?
True
Is 10762049 prime?
False
Is 35530503 composite?
True
Is 28623064303 composite?
False
Is 70035936665 prime?
False
Is 189244669 prime?
True
Is 39186935323 a composite number?
True
Is 36041267261 prime?
True
Is 49177663 a prime number?
False
Is 362767417 a prime number?
True
Is 1760253611 a prime number?
True
Is 24875281 composite?
False
Is 11072804287 a prime number?
False
Is 38404231 a prime number?
True
Is 932547361 a composite number?
False
Is 24962123103 a composite number?
True
Is 5108202257 a composite number?
True
Is 202975289 a composite number?
True
Is 101920697 composite?
False
Is 375953321 prime?
False
Is 12067682777 prime?
True
Is 23886585442 prime?
False
Is 2389085299 prime?
False
Is 7898693677 a composite number?
True
Is 2971603801 a prime number?
True
Is 2408020787 composite?
False
Is 21970078799 a composite number?
True
Is 125774591 prime?
True
Is 49787329247 a composite number?
True
Is 12589481141 a prime number?
True
Is 411517849 a prime number?
True
Is 92501149 composite?
True
Is 364235892487 a composite number?
True
Is 13070344579 prime?
True
Is 4692868519 prime?
True
Is 428921657 a composite number?
False
Is 5099399317 a composite number?
False
Is 21804623537 prime?
False
Is 48547391 prime?
True
Is 29683216231 a composite number?
True
Is 393693673 a prime number?
True
Is 825477811 composite?
False
Is 1146307271 composite?
True
Is 21754730651 composite?
False
Is 2930590709 a composite number?
False
Is 71510609 composite?
False
Is 1502583889 a composite number?
True
Is 321867158959 a prime number?
True
Is 48446031631 a prime number?
True
Is 6041221946 a composite number?
True
Is 24121838859 composite?
True
Is 20051903 a composite number?
True
Is 3432819539 composite?
False
Is 25483516183 composite?
True
Is 44761050869 composite?
True
Is 8265358001 composite?
False
Is 22527459511 a prime number?
True
Is 65935535563 prime?
True
Is 324275113 a prime number?
False
Is 903668819 a prime number?
True
Is 16813426787 a prime number?
False
Is 1866173327 composite?
False
Is 2472553099 prime?
False
Is 70695791497 a composite number?
False
Is 24397067573 a composite number?
False
Is 3412328487 composite?
True
Is 9238106999 a prime number?
False
Is 27826302719 composite?
True
Is 8637373 prime?
True
Is 3390503019 a prime number?
False
Is 1988741939 a composite number?
False
Is 1901761291 prime?
True
Is 6126884653 a composite number?
True
Is 29532772127 a prime number?
False
Is 9030382531 prime?
False
Is 1918421003 composite?
False
Is 336317869 a composite number?
False
Is 657913747 prime?
False
Is 5727476089 composite?
False
Is 2937499387 a prime number?
True
Is 6692814515 composite?
True
Is 6508137119 a composite number?
True
Is 25007758267 a prime number?
False
Is 11789148419 composite?
True
Is 2923014247 prime?
True
Is 2379154963 composite?
False
Is 9327872039 prime?
False
Is 929422211 prime?
True
Is 16331042506 a prime number?
False
Is 34059231277 a composite number?
False
Is 5490642937 prime?
False
Is 1721894221 composite?
False
Is 623353189 a composite number?
False
Is 21556830049 composite?
False
Is 27421866911 a prime number?
False
Is 384321643 a composite number?
True
Is 89294827 a prime number?
True
Is 2232266801 composite?
False
Is 1699559327 prime?
True
Is 437740427 composite?
True
Is 946941689 a prime number?
True
Is 1775370079 prime?
False
Is 11003538961 a prime number?
False
Is 3517383599 a composite number?
True
Is 9437932181 a prime number?
True
Is 10038157109 composite?
False
Is 1931732633 prime?
False
Is 11257199303 prime?
False
Is 3676295513 prime?
False
Is 192469879207 composite?
False
Is 412203331 a prime number?
True
Is 597068603 composite?
True
Is 50679658277 prime?
True
Is 2383587607 a prime number?
True
Is 3799101403 composite?
False
Is 906039227 prime?
True
Is 15684840019 a composite number?
False
Is 982487269 a composite number?
False
Is 91534576661 a prime number?
False
Is 123718450649 a prime number?
True
Is 419402671 composite?
True
Is 562806511 composite?
False
Is 5042345219 prime?
False
Is 606582829 prime?
True
Is 1047301487 a prime number?
True
Is 357205469 a prime number?
True
Is 153929201 prime?
False
Is 916164911 prime?
False
Is 1152585001 a prime number?
False
Is 47427441749 composite?
True
Is 19404680527 prime?
False
Is 76180252459 a prime number?
True
Is 212657806 a prime number?
False
Is 97169861 prime?
True
Is 8720303 composite?
True
Is 282715757 prime?
True
Is 16024231 a prime number?
False
Is 45495146855 a composite number?
True
Is 90000749 prime?
True
Is 476313349 a composite number?
True
Is 559660051 a prime number?
True
Is 76039683829 a composite number?
False
Is 475711019 a prime number?
False
Is 2530499033 a prime number?
True
Is 35492393635 a prime number?
False
Is 4115278631 a composite number?
False
Is 111924581 a prime number?
True
Is 56836618931 composite?
False
Is 14983047127 a composite number?
False
Is 23086484989 a composite number?
False
Is 10273563493 a prime number?
True
Is 1144504267 a prime number?
True
Is 221117022647 a prime number?
True
Is 23530496653 prime?
False
Is 1180112113 prime?
False
Is 1082694199 composite?
False
Is 188805061 prime?
True
Is 11678644331 prime?
True
Is 2659719353 a prime number?
False
Is 13539978563 composite?
False
Is 18054149521 a prime number?
False
Is 507321959 prime?
True
Is 158812619 composite?
True
Is 3626226319 composite?
False
Is 20685043999 a composite number?
False
Is 2340837649 a prime number?
False
Is 597902633 a prime number?
True
Is 1180367009 composite?
False
Is 119748383 composite?
False
Is 266894071 a prime number?
True
Is 11379582547 composite?
False
Is 12341366531 a composite number?
True
Is 3121970473 a composite number?
False
Is 1212768107 a prime number?
True
Is 42791063827 a composite number?
True
Is 221712817 composite?
False
Is 2807873169 composite?
True
Is 179532021 a prime number?
False
Is 151272413 composite?
False
Is 13086744862 a prime number?
False
Is 8433155113 a composite number?
False
Is 152736539 a prime number?
True
Is 4155103607 prime?
True
Is 166483598471 composite?
True
Is 659329633 a composite number?
True
Is 1660568587 a composite number?
True
Is 16683239519 a prime number?
True
Is 12528009821 composite?
False
Is 2428496417 a prime number?
True
Is 3294994008